 the remainder when 81424988 is divided by 1380084?
32
Calculate the remainder when 18692 is divided by 5367.
2591
What is the remainder when 437134 is divided by 13?
9
Calculate the remainder when 627504 is divided by 1630.
1584
Calculate the remainder when 8824883 is divided by 2142.
1985
What is the remainder when 88991221 is divided by 22?
11
Calculate the remainder when 1897786 is divided by 38.
28
What is the remainder when 2988380 is divided by 1494187?
6
What is the remainder when 4513827 is divided by 347212?
71
What is the remainder when 29581 is divided by 1795?
861
What is the remainder when 299401 is divided by 1565?
486
What is the remainder when 302748 is divided by 5395?
628
What is the remainder when 137660149 is divided by 322?
319
What is the remainder when 988596 is divided by 2146?
1436
Calculate the remainder when 390795 is divided by 117.
15
Calculate the remainder when 160976 is divided by 108.
56
Calculate the remainder when 7888264 is divided by 30.
4
What is the remainder when 18227304 is divided by 19?
15
What is the remainder when 62930 is divided by 62573?
357
What is the remainder when 318832 is divided by 6930?
52
Calculate the remainder when 362637 is divided by 120874.
15
Calculate the remainder when 574652 is divided by 299.
273
What is the remainder when 106835 is divided by 11108?
6863
What is the remainder when 14682385 is divided by 1835295?
25
Calculate the remainder when 205771289 is divided by 218.
217
What is the remainder when 10595 is divided by 2973?
1676
What is the remainder when 721487 is divided by 2595?
77
What is the remainder when 449553 is divided by 2204?
2141
Calculate the remainder when 76990 is divided by 25348.
946
What is the remainder when 1469189 is divided by 63873?
110
Calculate the remainder when 74310 is divided by 1250.
560
What is the remainder when 165879 is divided by 459?
180
What is the remainder when 148024980 is divided by 34?
30
What is the remainder when 1005512 is divided by 1274?
326
Calculate the remainder when 9869 is divided by 926.
609
What is the remainder when 15645012 is divided by 71?
20
What is the remainder when 2683222 is divided by 895?
12
What is the remainder when 10102556 is divided by 200?
156
Calculate the remainder when 5294202 is divided by 135748.
30
Calculate the remainder when 7022816 is divided by 73.
70
Calculate the remainder when 2774414 is divided by 120625.
39
Calculate the remainder when 19753928 is divided by 294.
68
What is the remainder when 1962223 is divided by 99?
43
Calculate the remainder when 467378 is divided by 1263.
68
What is the remainder when 574556750 is divided by 17?
15
What is the remainder when 12684513 is divided by 72?
57
Calculate the remainder when 778593 is divided by 244.
233
Calculate the remainder when 179883 is divided by 8174.
55
Calculate the remainder when 59825 is divided by 22.
7
Calculate the remainder when 3740253 is divided by 864.
861
What is the remainder when 583853 is divided by 12?
5
Calculate the remainder when 4888235 is divided by 376018.
1
What is the remainder when 57039173 is divided by 599?
596
What is the remainder when 257484 is divided by 85820?
24
Calculate the remainder when 334726 is divided by 41835.
46
What is the remainder when 1395475 is divided by 1395346?
129
Calculate the remainder when 108514947 is divided by 23483.
4
What is the remainder when 96494527 is divided by 82123?
2
Calculate the remainder when 145814 is divided by 7322.
6696
Calculate the remainder when 232256 is divided by 5908.
1844
What is the remainder when 285265 is divided by 7142?
6727
Calculate the remainder when 3112930 is divided by 167.
50
Calculate the remainder when 4592773 is divided by 4592672.
101
Calculate the remainder when 4731188 is divided by 1442.
1428
What is the remainder when 8394829 is divided by 63597?
25
Calculate the remainder when 280254730 is divided by 431.
428
Calculate the remainder when 44581 is divided by 3429.
4
What is the remainder when 2790820 is divided by 823?
27
What is the remainder when 217164013 is divided by 7558?
7557
What is the remainder when 276611 is divided by 275521?
1090
What is the remainder when 3359811 is divided by 144?
3
What is the remainder when 147383509 is divided by 3213?
3199
Calculate the remainder when 126535247 is divided by 1264.
1263
Calculate the remainder when 1502384 is divided by 68290.
4
What is the remainder when 8460812 is divided by 1452?
8
Calculate the remainder when 224534 is divided by 2216.
718
What is the remainder when 64510966 is divided by 1168?
1158
What is the remainder when 1194797 is divided by 84?
65
Calculate the remainder when 7262520 is divided by 241.
226
What is the remainder when 935998 is divided by 975?
973
What is the remainder when 161787 is divided by 396?
219
What is the remainder when 197212 is divided by 30?
22
What is the remainder when 23042677 is divided by 1848?
1813
Calculate the remainder when 290530 is divided by 96821.
67
Calculate the remainder when 171602 is divided by 11653.
8460
Calculate the remainder when 136999 is divided by 34230.
79
What is the remainder when 6319488 is divided by 4580?
3668
Calculate the remainder when 136048 is divided by 66900.
2248
Calculate the remainder when 28381143 is divided by 132005.
68
What is the remainder when 327628 is divided by 3145?
548
What is the remainder when 18086 is divided by 5806?
668
Calculate the remainder when 36405 is divided by 6056.
69
What is the remainder when 2030758 is divided by 43156?
2426
Calculate the remainder when 1132472 is divided by 566211.
50
What is the remainder when 1121416 is divided by 560661?
94
What is the remainder when 1461070 is divided by 162340?
10
Calculate the remainder when 421148 is divided by 11082.
32
What is the remainder when 15148 is divided by 104?
68
What is the remainder when 630318 is divided by 12126?
11892
Calculate the remainder when 1890018 is divided by 13125.
18
What is the remainder when 3163963 is divided by 1054651?
10
Calculate the remainder when 889177 is divided by 8894.
8671
What is the remainder when 5982284 is divided by 5982283?
1
What is the remainder when 47846961 is divided by 2460?
2421
What is the remainder when 33645824 is divided by 1326?
1226
Calculate the remainder when 11043538 is divided by 3609.
3607
Calculate the remainder when 186429 is divided by 406.
75
What is the remainder when 1859513 is divided by 958?
35
What is the remainder when 936429 is divided by 118?
99
What is the remainder when 6041135 is divided by 381?
380
Calculate the remainder when 32766774 is divided by 7.
5
What is the remainder when 1221470 is divided by 174495?
5
Calculate the remainder when 51851797 is divided by 4312.
4309
What is the remainder when 587021 is divided by 104?
45
Calculate the remainder when 165258 is divided by 2167.
566
What is the remainder when 71878346 is divided by 27?
26
Calculate the remainder when 1155669 is divided by 19.
13
What is the remainder when 195399 is divided by 39034?
229
Calculate the remainder when 683990 is divided by 35941.
1111
Calculate the remainder when 160643 is divided by 22916.
231
What is the remainder when 2363190 is divided by 508?
482
What is the remainder when 594700 is divided by 31299?
19
Calculate the remainder when 615646 is divided by 47350.
96
Calculate the remainder when 62981556 is divided by 1218.
1212
Calculate the remainder when 635191 is divided by 2593.
2499
What is the remainder when 6719859 is divided by 839980?
19
Calculate the remainder when 2714170 is divided by 20.
10
What is the remainder when 220320 is divided by 381?
102
Calculate the remainder when 62404 is divided by 1024.
964
What is the remainder when 20787 is divided by 532?
39
What is the remainder when 18633035 is divided by 7197?
2
Calculate the remainder when 49838 is divided by 3549.
152
Calculate the remainder when 36946542 is divided by 13.
9
What is the remainder when 22983 is divided by 33?
15
What is the remainder when 617320 is divided by 61730?
20
What is the remainder when 3463435 is divided by 3463374?
61
What is the remainder when 13290014 is divided by 25706?
12
Calculate the remainder when 40775 is divided by 50.
25
What is the remainder when 1461400 is 